is the highest common factor of 330 and 60?
30
What is the highest common factor of 39096 and 18?
18
What is the greatest common factor of 30 and 285?
15
Calculate the highest common divisor of 32 and 128.
32
What is the greatest common divisor of 738 and 288?
18
Calculate the highest common divisor of 2178 and 99.
99
Calculate the highest common divisor of 126 and 1449.
63
Calculate the highest common divisor of 33 and 451.
11
What is the greatest common divisor of 36 and 1188?
36
What is the greatest common factor of 65 and 30?
5
Calculate the greatest common divisor of 147 and 54831.
147
What is the highest common divisor of 738 and 1066?
82
What is the greatest common factor of 177 and 3?
3
What is the highest common divisor of 256 and 32?
32
Calculate the greatest common factor of 28767 and 129.
129
Calculate the greatest common divisor of 21823 and 278.
139
Calculate the highest common factor of 240 and 90.
30
Calculate the highest common divisor of 425 and 25.
25
What is the greatest common factor of 362 and 14299?
181
Calculate the highest common divisor of 1400 and 525.
175
Calculate the greatest common factor of 28 and 91.
7
What is the highest common divisor of 322 and 414?
46
What is the highest common factor of 129 and 11266?
43
Calculate the greatest common divisor of 8 and 4456.
8
Calculate the greatest common factor of 24 and 160.
8
Calculate the highest common factor of 90 and 2310.
30
Calculate the greatest common divisor of 954 and 53.
53
Calculate the greatest common factor of 10 and 3050.
10
What is the greatest common factor of 322 and 98?
14
Calculate the highest common divisor of 12 and 384.
12
Calculate the greatest common factor of 39347 and 77.
77
Calculate the highest common divisor of 330 and 165.
165
What is the greatest common divisor of 26 and 598?
26
Calculate the greatest common divisor of 42 and 546.
42
What is the highest common divisor of 6 and 486?
6
Calculate the highest common factor of 65 and 1235.
65
What is the highest common factor of 338 and 26?
26
Calculate the greatest common factor of 64 and 1376.
32
Calculate the greatest common factor of 1886 and 410.
82
Calculate the highest common factor of 768 and 1248.
96
Calculate the highest common divisor of 13 and 351.
13
Calculate the highest common factor of 961 and 31.
31
Calculate the greatest common factor of 104 and 325.
13
Calculate the highest common divisor of 1092 and 924.
84
Calculate the highest common factor of 8 and 62.
2
What is the greatest common divisor of 6 and 402?
6
What is the greatest common factor of 711 and 3?
3
Calculate the highest common divisor of 8 and 392.
8
What is the greatest common divisor of 350 and 20?
10
What is the highest common divisor of 76 and 2812?
76
Calculate the highest common divisor of 27608 and 119.
119
Calculate the highest common divisor of 14 and 157248.
14
Calculate the greatest common factor of 2 and 106.
2
What is the highest common divisor of 37 and 7363?
37
What is the greatest common divisor of 116 and 783?
29
What is the greatest common factor of 98 and 168?
14
What is the highest common factor of 62 and 1116?
62
Calculate the highest common divisor of 8 and 344.
8
What is the highest common divisor of 197 and 1?
1
What is the highest common factor of 240 and 120?
120
What is the highest common divisor of 101 and 5252?
101
Calculate the highest common divisor of 3072 and 96.
96
Calculate the greatest common divisor of 10914 and 510.
102
Calculate the greatest common divisor of 946 and 22.
22
What is the highest common divisor of 177 and 767?
59
Calculate the greatest common divisor of 14 and 133.
7
Calculate the highest common divisor of 14 and 238.
14
What is the greatest common divisor of 30 and 750?
30
Calculate the highest common factor of 480 and 310.
10
What is the highest common factor of 273 and 63?
21
What is the highest common factor of 13 and 117?
13
What is the greatest common factor of 979 and 22?
11
Calculate the greatest common factor of 93 and 3.
3
What is the greatest common divisor of 21 and 4529?
7
What is the greatest common divisor of 656 and 80?
16
What is the highest common divisor of 400 and 30080?
80
Calculate the greatest common factor of 81 and 189.
27
What is the greatest common divisor of 236 and 413?
59
Calculate the greatest common factor of 2652 and 676.
52
Calculate the greatest common divisor of 6 and 142.
2
Calculate the greatest common divisor of 25 and 475.
25
Calculate the highest common factor of 395 and 316.
79
Calculate the highest common divisor of 869 and 33.
11
Calculate the greatest common factor of 78 and 676.
26
What is the highest common factor of 42 and 392?
14
What is the greatest common divisor of 1476 and 12?
12
What is the greatest common divisor of 1434 and 66?
6
Calculate the highest common divisor of 335 and 1474.
67
Calculate the greatest common factor of 1465 and 28714.
293
Calculate the highest common divisor of 42 and 18.
6
Calculate the highest common divisor of 4 and 212.
4
Calculate the greatest common factor of 768 and 1472.
64
Calculate the highest common divisor of 6 and 93.
3
What is the highest common divisor of 497 and 2414?
71
What is the highest common divisor of 3105 and 405?
135
Calculate the greatest common factor of 18 and 63.
9
What is the greatest common divisor of 6572 and 93?
31
What is the greatest common factor of 3502 and 170?
34
Calculate the highest common factor of 3395 and 35.
35
What is the greatest common divisor of 240 and 1230?
30
Calculate the highest common divisor of 1919 and 404.
101
Calculate the highest common factor of 5951 and 11.
11
What is the greatest common factor of 8024 and 408?
136
Calculate the highest common factor of 228 and 108.
12
Calculate the highest common factor of 45 and 55.
5
What is the greatest common factor of 254 and 3937?
127
Calculate the greatest common factor of 86 and 344.
86
Calculate the greatest common factor of 1128 and 24.
24
Calculate the greatest common factor of 139 and 16819.
139
Calculate the greatest common factor of 470 and 6345.
235
What is the greatest common factor of 1242 and 3933?
207
Calculate the highest common divisor of 3 and 64.
1
Calculate the greatest common divisor of 209 and 38.
19
What is the greatest common factor of 80 and 2180?
20
What is the highest common factor of 2628 and 396?
36
What is the greatest common divisor of 215 and 5?
5
What is the greatest common divisor of 14 and 59234?
14
Calculate the greatest common factor of 156 and 84.
12
What is the highest common factor of 17 and 629?
17
What is the highest common factor of 446 and 2?
2
What is the highest common factor of 168 and 98?
14
Calculate the greatest common factor of 6578 and 858.
286
What is the highest common factor of 341 and 124?
31
Calculate the highest common factor of 888 and 48.
24
Calculate the highest common factor of 36 and 108.
36
What is the greatest common factor of 1080 and 2680?
40
Calculate the highest common factor of 155 and 93.
31
What is the highest common divisor of 12370 and 10?
10
What is the greatest common factor of 5 and 9495?
5
What is the highest common divisor of 42 and 16?
2
What is the greatest common factor of 3991 and 26?
13
Calculate the greatest common divisor of 12070 and 10.
10
Calculate the greatest common factor of 39 and 663.
39
Calculate the greatest common divisor of 24 and 9.
3
Calculate the highest common divisor of 12 and 2772.
12
Calculate the greatest common factor of 5 and 605.
5
Calculate the highest common factor of 351 and 91.
13
Calculate the greatest common divisor of 57 and 475.
19
What is the greatest common factor of 47 and 5687?
47
What is the greatest common divisor of 185 and 235?
5
Calculate the greatest common factor of 10 and 188.
2
Calculate the highest common factor of 90 and 510.
30
Calculate the highest common factor of 43 and 1.
1
Calculate the highest common factor of 54 and 738.
18
Calculate the highest common factor of 920 and 40.
40
Calculate the greatest common factor of 46 and 7176.
46
What is the highest common factor of 11 and 7513?
11
What is the greatest common factor of 27674 and 822?
274
What is the highest common divisor of 109 and 2?
1
What is the greatest common factor of 36 and 204?
12
Wh